 11922702653 a prime number?
True
Is 3568029229 a composite number?
True
Is 15563184013 a prime number?
False
Is 22152144187 a composite number?
True
Is 2838779959 a prime number?
False
Is 2364868921 prime?
True
Is 4565607457 composite?
False
Is 67941220019 composite?
False
Is 63979523 composite?
False
Is 4815480881 a composite number?
False
Is 400000151 a prime number?
True
Is 173749613617 a prime number?
True
Is 7447455143 a prime number?
False
Is 7165857487 a composite number?
False
Is 868899233 prime?
True
Is 1457497595 a composite number?
True
Is 4343644463 a prime number?
True
Is 17268722677 a prime number?
False
Is 53492063059 prime?
True
Is 5928073933 a prime number?
True
Is 4461627629 composite?
False
Is 5453775851 a prime number?
True
Is 10926415373 a prime number?
True
Is 76052101 composite?
True
Is 1704577237 a prime number?
False
Is 555569389 composite?
True
Is 1597322471 prime?
True
Is 2421061889 a composite number?
True
Is 13339809838 a composite number?
True
Is 15164272993 composite?
False
Is 131987559689 composite?
False
Is 3520334801 composite?
True
Is 2025767269 a prime number?
True
Is 1368752113 prime?
True
Is 126553013 prime?
False
Is 17481527051 prime?
True
Is 49039121 a composite number?
False
Is 279916253 prime?
False
Is 675348119 composite?
False
Is 121908551 prime?
False
Is 1061176609 composite?
False
Is 1372195787 composite?
True
Is 172684607 composite?
True
Is 230127291089 a prime number?
True
Is 1604774987 a prime number?
False
Is 11010914107 a prime number?
True
Is 3864961043 composite?
True
Is 49843852463 a composite number?
False
Is 4346896903 prime?
True
Is 514016273 prime?
False
Is 4290411569 composite?
False
Is 732621251 prime?
False
Is 9326250589 a composite number?
False
Is 722738791 a composite number?
False
Is 5747527811 a prime number?
True
Is 8238325034 a composite number?
True
Is 1156655959 a prime number?
False
Is 2474486437 a composite number?
False
Is 2183372579 composite?
False
Is 74168102993 a composite number?
False
Is 9609233113 prime?
True
Is 449203687 composite?
False
Is 839080019 a prime number?
False
Is 14483941049 composite?
True
Is 216105839 composite?
True
Is 11143228829 composite?
True
Is 14422795565 prime?
False
Is 332902441 prime?
True
Is 11627983511 composite?
False
Is 12153563623 a composite number?
False
Is 89395213939 prime?
True
Is 3545698379 composite?
False
Is 873947411 prime?
True
Is 740387589 composite?
True
Is 3999380501 a prime number?
True
Is 504312253 a composite number?
True
Is 69470992939 composite?
False
Is 9210348539 prime?
False
Is 9774076049 composite?
False
Is 4521255461 composite?
True
Is 735127333 composite?
True
Is 334498187 a composite number?
False
Is 30460714147 prime?
False
Is 100423409 composite?
False
Is 74649831953 a prime number?
True
Is 1174612601 a prime number?
False
Is 197707952542 prime?
False
Is 1386302101 composite?
True
Is 17592077177 composite?
True
Is 20998665797 a prime number?
False
Is 1185070949 prime?
True
Is 259602043 a composite number?
True
Is 63802039249 prime?
False
Is 8853610771 composite?
True
Is 3472940441 composite?
True
Is 1027324033 a prime number?
False
Is 166892899 composite?
True
Is 2185004935 a prime number?
False
Is 5102808367 a prime number?
False
Is 1201004527 prime?
True
Is 619959955 a composite number?
True
Is 1373019974 a prime number?
False
Is 1693894385 a prime number?
False
Is 1904752111 prime?
False
Is 109203943 prime?
True
Is 248710271 a prime number?
True
Is 17075137439 a prime number?
True
Is 454158869 composite?
True
Is 575433745 prime?
False
Is 2977183409 a prime number?
False
Is 70670309 prime?
False
Is 115531722589 a composite number?
False
Is 878513047 a composite number?
False
Is 32177407 prime?
False
Is 1899777577 a prime number?
False
Is 5860044791 a prime number?
False
Is 5977259759 a composite number?
True
Is 1961710079 a composite number?
True
Is 94599667 a prime number?
False
Is 3257712147 composite?
True
Is 71602907137 composite?
False
Is 2042746613 a composite number?
True
Is 5157291261 prime?
False
Is 20656145759 prime?
False
Is 799132931 a prime number?
True
Is 10486536761 a composite number?
False
Is 309812529671 a composite number?
False
Is 3420162029 a composite number?
True
Is 2182516607 composite?
False
Is 996344729 composite?
True
Is 4779258449 a prime number?
False
Is 1402107517 a prime number?
True
Is 653161307 prime?
False
Is 8322295343 prime?
False
Is 334920563 composite?
True
Is 93920456467 composite?
True
Is 26456909 prime?
True
Is 3114624103 a composite number?
True
Is 319328899 a prime number?
False
Is 447108197 a composite number?
False
Is 540884957 prime?
False
Is 693488849 prime?
False
Is 296776725023 composite?
False
Is 1071187861 a prime number?
False
Is 37025858879 composite?
False
Is 41806132793 composite?
True
Is 14291443345 a composite number?
True
Is 250320271 a composite number?
True
Is 1397569763 a composite number?
False
Is 2554332839 a prime number?
False
Is 14909851987 a composite number?
False
Is 5402839 a composite number?
True
Is 36323297191 composite?
False
Is 3780612883 a composite number?
True
Is 32212403 a prime number?
True
Is 2353362137 prime?
False
Is 890735101 prime?
False
Is 809919037 prime?
True
Is 354704975447 prime?
True
Is 19614597505 a composite number?
True
Is 17150581297 prime?
False
Is 7781985713 composite?
True
Is 16590182743 a prime number?
False
Is 165436547 a prime number?
True
Is 672915107 composite?
False
Is 21216761629 a prime number?
False
Is 801370103 a prime number?
False
Is 18109493563 a prime number?
False
Is 8154427247 a prime number?
False
Is 77653539263 composite?
False
Is 451916219 composite?
True
Is 9776654315 a composite number?
True
Is 3216796303 composite?
True
Is 5682366973 a composite number?
False
Is 286602947 a prime number?
False
Is 10285823827 a prime number?
False
Is 75787472759 a prime number?
False
Is 70653231241 prime?
False
Is 121639883 prime?
True
Is 17482097791 composite?
False
Is 144890160851 prime?
False
Is 20239358017 prime?
False
Is 4944102307 composite?
False
Is 837044953 a prime number?
False
Is 55481286587 composite?
True
Is 737473481 composite?
True
Is 25181278483 composite?
True
Is 105727007849 prime?
True
Is 46802368121 prime?
False
Is 19025194541 prime?
True
Is 141361440893 prime?
True
Is 1882345739 a prime number?
True
Is 695322739 a composite number?
False
Is 1286712163 prime?
False
Is 1598481013 prime?
True
Is 141753421613 prime?
True
Is 3585139141 composite?
True
Is 2012221997 a composite number?
True
Is 3279961873 a composite number?
True
Is 2082495917 a composite number?
False
Is 788722961 a composite number?
True
Is 42614089999 prime?
False
Is 1903030169 a prime number?
False
Is 742628021 composite?
True
Is 324604727 a composite number?
True
Is 2496386723 prime?
False
Is 25320489169 prime?
False
Is 39970345111 a composite number?
False
Is 1359216767 composite?
False
Is 88017355 prime?
False
Is 830529697 composite?
True
Is 1017054221 a prime number?
False
Is 26288981503 a composite number?
False
Is 1882223179 composite?
True
Is 27423979523 a prime number?
False
Is 15271950703 a prime number?
False
Is 4209700171 composite?
True
Is 51967554013 prime?
True
Is 3641646661 a prime number?
True
Is 288965124319 a composite number?
False
Is 3197070047 a prime number?
True
Is 28483656623 prime?
False
Is 665169671 composite?
True
Is 40805893 prime?
True
Is 8754092597 prime?
False
Is 763436887 composite?
False
Is 18965544289 prime?
False
Is 322250434349 composite?
False
Is 5292464077 composite?
False
Is 1072954367 a composite number?
True
Is 2050145683 composite?
True
Is 4015177 composite?
False
Is 14234640715 a composite number?
True
Is 188532881 composite?
False
Is 147794987 a composite number?
True
Is 28506777833 prime?
True
Is 494476847 prime?
False
Is 9731512229 prime?
False
Is 635955113 a prime number?
True
Is 18219513769 a prime number?
True
Is 78996525677 a composite number?
False
Is 803975351 a composite number?
False
Is 3619684147 a prime number?
False
Is 10309542787 a composite number?
True
Is 157956047 composite?
True
Is 2715001433 prime?
False
Is 21966760159 a composite number?
False
Is 2337979727 prime?
True
Is 78271970281 composite?
True
Is 7790609831 prime?
True
Is 205183861 composite?
True
I